 - z**2 + 42. Let o be w(0). Let l = -36 + o. Calculate the highest common factor of l and 4.
2
Let l be (0 + 0)/(8/4). Let t be 6/(2 - (-10)/(-8)). Suppose l = 6*b - t*b + 100. What is the greatest common divisor of b and 20?
10
Suppose -6*f + 360 = 9*f. What is the highest common divisor of 24 and f?
24
Let t = 293 - 227. What is the greatest common divisor of 154 and t?
22
Let r(h) = -3*h + 3*h + 20 + h - 5. Let z be r(-11). Suppose 0 = z*d - 16, -2*a + 5*d = 9 - 29. Calculate the highest common divisor of 10 and a.
10
Suppose 0 = -g - 14 + 82. Calculate the highest common factor of g and 918.
34
Suppose 0 = -0*j + 8*j - 296. Let y = j + 1. Calculate the greatest common divisor of y and 57.
19
Suppose -26 = 3*q - 5*q. Let x = -22 + 22. Suppose x = -5*y - p + 194, -5*y - p - p + 193 = 0. What is the highest common divisor of y and q?
13
Let q = 26 + -18. Let c(i) = i**2 - 9*i + 10. Let r be c(q). What is the highest common factor of 4 and r?
2
Let z be (-5)/(-10) - 11/(-2). Let m = 8 - z. Suppose m*i - 462 = -5*n - 114, 2*n + i = 139. Calculate the greatest common factor of 14 and n.
14
Let m be (1 - 14968/(-52)) + (-16)/(-104). What is the highest common factor of 34 and m?
17
Let c(x) = -x**3 + 14*x**2 + 2*x - 27. Let t be c(14). Calculate the greatest common factor of 4 and t.
1
Let d be 4/((-87)/(-81) + -1). What is the highest common divisor of 108 and d?
54
Suppose 0 = 4*l, 4*u - 487 = -3*l + 3813. Calculate the greatest common factor of 43 and u.
43
Let v = 50 + -37. Suppose -3*r = -v - 104. What is the greatest common divisor of r and 26?
13
Let p(r) = r**3 - 3*r**2 - 10*r + 2. Let y be p(5). Suppose 3*b = y*l - 34, 3*l + l - 54 = -b. What is the greatest common divisor of l and 98?
14
Let s(r) = -r**2 + 11*r - 5. Let n be s(10). Suppose 4*g + n = 3*g, -3*o + 173 = -g. What is the highest common factor of 8 and o?
8
Suppose 13 = -d - 14. Let s = d + 38. Calculate the highest common divisor of s and 88.
11
Suppose 3*t + 4*u - 23 = 31, 3*u + 36 = 2*t. Let i = t + 27. Calculate the greatest common divisor of i and 15.
15
Let m be 3/9 + 46/6. Suppose -20*b + 286 = -354. Calculate the highest common factor of m and b.
8
Let d(s) = 2*s**3 - 8*s**2 + 7*s + 10. Let f be d(8). Let j = f - 380. Suppose -4*p + j = -p. Calculate the greatest common factor of 6 and p.
6
Suppose -3*c - 3*m + 4 = -44, 4*m = 0. Let i(h) = -h + 16. Let k(u) = u + 2. Let g be k(-2). Let p be i(g). Calculate the greatest common divisor of c and p.
16
Let h be 6 - 4*1/2. Let z be (-3 - (-1 - h))/((-1)/(-2)). Let j be 7*5 + (3 - 2). What is the highest common factor of z and j?
4
Let b(j) = -j**3 - 17*j**2 - 7*j + 151. Let a be b(-16). Calculate the greatest common factor of a and 36.
1
Let w = -26 + 46. Suppose -2*s - 4*y = w, -2 = -s + y - 3. Let b(j) = -3*j. Let m be b(s). What is the highest common factor of m and 84?
12
Let t(g) be the second derivative of g**4/4 - 7*g**3/3 + g**2/2 - 8*g. Let u be t(6). What is the highest common factor of u and 75?
25
Suppose 3 = 5*f + 8*h - 10*h, f = -5*h + 6. What is the greatest common divisor of f and 1?
1
Let r(a) = -36*a. Let l(k) = -35*k - 1. Let g(d) = -3*l(d) + 2*r(d). Let v be g(5). Calculate the greatest common factor of 21 and v.
21
Let y be ((-3)/(-3))/(2/86). Let n be (-1)/4 + 870/(-40). Let c = y + n. Calculate the greatest common divisor of 3 and c.
3
Let n(c) = 3*c**2 + c - 9. Let y be n(6). Suppose 3*s - 5*w = 85, 0 = -5*s - w + 2*w + y. What is the highest common divisor of s and 80?
20
Let w be (3/(-6))/1*-86. Suppose 0 = 41*y - w*y + 42. What is the greatest common divisor of y and 210?
21
Let z = 52 + -28. Let y(j) = 3*j**3 + 25*j**2 + 5*j. Let u be y(-8). Calculate the highest common factor of u and z.
24
Let j be (0/(-6))/(1 - 0). Suppose l + 8 - 11 = j. Calculate the highest common factor of l and 9.
3
Let t be 14/91 + ((-6618)/(-78) - 4). Calculate the highest common factor of t and 1863.
81
Let u = 112 + -530. Suppose 4*k + 1069 = -0*x - x, k + 2*x + 276 = 0. Let g = k - u. Calculate the greatest common divisor of g and 19.
19
Suppose 0 = -6*y + 15*y - 18. Let r be 11/(-6) - 2/12. Let o be r/2 - 12/(-4). What is the greatest common divisor of o and y?
2
Let m be (2 - 3 - -7)*8. Let x be 5 - 2 - (-3 + 2). Let d be (-2)/(x/18 - (-66)/(-216)). Calculate the greatest common factor of d and m.
24
Let g(x) = x**2 - 41*x - 116. Let a be g(44). Let d = 15 + 25. Calculate the greatest common factor of d and a.
8
Let o be ((-5)/(10/24))/(-1). Suppose -13*t + 4*t + 162 = 0. What is the greatest common divisor of o and t?
6
Suppose 34 = 4*f - 2. What is the greatest common divisor of 45 and f?
9
Let l(b) = b**3 + 10*b - 7 + 1 - 11*b**2 - 21. Let j be l(11). Suppose -56 = -3*m - 2*v, 3*m - 7*m = v - j. What is the highest common divisor of 176 and m?
22
Let h(w) = 22*w**2 + 8*w + 24. Let a be h(4). Calculate the highest common divisor of a and 24.
24
Let z be 91/((-4)/(-8)*2). Suppose -4*g - 76 = -5*x + 1, 3*g = 5*x - 74. What is the greatest common divisor of x and z?
13
Let g = 4 + -13. Let y be 3/6 - g/6. Suppose 205 = 4*x - w, -58 = -0*x - x - y*w. Calculate the highest common factor of x and 13.
13
Let g be 94/(-235) - (-51)/15. Let z(b) be the first derivative of 9*b**3 + 1. Let o be z(-1). Calculate the greatest common divisor of g and o.
3
Let a(w) = w - 3. Let m be a(6). Let p = -28 + 30. Suppose 0 = -v - h + 26, 6*v - 58 = m*v + p*h. Calculate the greatest common divisor of 33 and v.
11
Suppose -19*a + 4*c = -15*a - 36, -2*a - 5*c = -39. Calculate the highest common factor of 66 and a.
6
Let m be (12/(-8) - -1)*-140. Let f be (-1 + 21)/2 + -71 + 71. What is the greatest common divisor of m and f?
10
Suppose -4*g - 8 = -5*b, -b - 4 = -3*g + 1. Suppose 5*u = -2*t + 48, -b*t + u + 96 = -3*u. What is the greatest common divisor of t and 36?
12
Suppose -s + 2 = -3*o, 3*o + 5*s + 0 = 10. Suppose 2*d + 4*y = 4, o*y - 2*y - 6 = 0. What is the highest common divisor of 64 and d?
8
Let h(m) = 5*m + 72. Let g be h(-12). Calculate the highest common divisor of g and 9.
3
Suppose -19 = 5*w + 3*c, -w + 0*w - 2*c = 8. Let n be 4 + (-5)/(3 - w). Suppose n*a = 56 - 32. Calculate the greatest common divisor of a and 1.
1
Let m be (-323)/(-38) + -8 - 138/(-4). Calculate the greatest common divisor of m and 55.
5
Suppose -11 = -i - 2*m + 16, -3*i + 3*m = -117. Let w = 79 - i. Calculate the highest common divisor of w and 220.
44
Let g(r) = -r**3 + 4*r**2 - 4. Let i be g(3). Suppose -i*v + 43 = 3*b, 0*b - 5*b + 2*v = -82. Calculate the highest common divisor of b and 176.
16
Suppose 4*b = u - 62, -2*b - 234 = 15*u - 19*u. What is the greatest common factor of 58 and u?
58
Suppose 2*m + 2*m = 12. What is the highest common factor of m and 213?
3
Suppose 5*c + 5*t + 60 = 0, 2*c + 4*t + 0*t + 26 = 0. Let w = c - -38. Calculate the greatest common factor of w and 27.
27
Suppose 0 = 3*x - 7*x + p + 323, 3*x - 5*p = 238. Calculate the greatest common divisor of 405 and x.
81
Let m be 1 - (18/12)/(9/(-366)). Suppose 372 = 5*x - x. Calculate the greatest common factor of x and m.
31
Suppose -31 = -3*s + 89. Let j be (-6 + 2)/(8/(-20)). Calculate the greatest common factor of s and j.
10
Let v(d) = -12*d + 428. Let i be v(22). Calculate the highest common factor of i and 246.
82
Suppose -c + 27 = 5*u, -3*c - u = 2*c - 15. Suppose -15 = -8*f + 9. What is the highest common factor of c and f?
1
Let h = 11 - -3. Suppose 9 = 10*z - 31. Suppose -3*p = z*p - 392. Calculate the greatest common divisor of p and h.
14
Let f be (324/6 - -2) + -2. Calculate the highest common divisor of f and 432.
54
Let o(a) = -a**3 - 35*a**2 - a - 20. Let j be o(-35). What is the highest common divisor of 10 and j?
5
Let h = 89 - 48. Suppose -4*r = -3 - h. What is the greatest common factor of r and 88?
11
Let c be (0 + 5)*(4 - 2). Suppose -10*w + 15*w - c = 0. Suppose -w*o + 56 = -0*o. Calculate the highest common divisor of o and 14.
14
Let m be (5/(-10))/((-2)/12). Suppose -g + 4*o + 33 = -0*g, 0 = g + m*o - 19. Let z = -410 + 660. What is the greatest common factor of g and z?
25
Let a(l) = 3*l - 18. Let o be a(8). Suppose -4 = -s + o. Calculate the greatest common factor of s and 2.
2
Suppose 0 = -4*h - 2*w + 72, 16 + 36 = 3*h + 2*w. Calculate the high